 base 15, what is 5 - -32a?
330
In base 6, what is 0 - -422?
422
In base 2, what is -10 - -1111?
1101
In base 13, what is -14 + -19?
-30
In base 11, what is 5 + -7a5?
-7a0
In base 16, what is 28 - 4?
24
In base 13, what is 3 + -7c7?
-7c4
In base 2, what is 10001110101 - 101?
10001110000
In base 10, what is 9 + -35?
-26
In base 14, what is -3 - -7d9?
7d6
In base 15, what is 5870 - 2?
586d
In base 10, what is 2 - -20?
22
In base 15, what is 14b - -1?
14c
In base 10, what is 4 + -18?
-14
In base 16, what is -e11 + 1?
-e10
In base 8, what is 0 + -405?
-405
In base 13, what is 11 + -c?
2
In base 15, what is -5 + 79a?
795
In base 9, what is -122 - 3?
-125
In base 9, what is 1 + 62?
63
In base 16, what is e8c - -4?
e90
In base 7, what is -311 - 52?
-363
In base 2, what is 1010111 + 10011111?
11110110
In base 16, what is -5 - -ed?
e8
In base 7, what is -2 - 15503?
-15505
In base 12, what is 345 + a?
353
In base 16, what is -dc + -a?
-e6
In base 4, what is -201 + 1?
-200
In base 12, what is -13 + 2b?
18
In base 14, what is 2 + -1377?
-1375
In base 15, what is -a39 - 4?
-a3d
In base 3, what is 2 + -2111021?
-2111012
In base 14, what is 452 - -2?
454
In base 14, what is 4 + 2ab?
2b1
In base 13, what is c5a7 + 3?
c5aa
In base 16, what is -2 + ac?
aa
In base 5, what is 0 + -31022?
-31022
In base 15, what is 3 - -632?
635
In base 16, what is 3 + 1ac?
1af
In base 9, what is 4 - 14?
-10
In base 11, what is 0 - 4040?
-4040
In base 10, what is -6 - 72?
-78
In base 6, what is -2 + -2?
-4
In base 6, what is -12 - 230?
-242
In base 6, what is -1 - 203?
-204
In base 7, what is 2251 - 5?
2243
In base 15, what is 1 + -1d?
-1c
In base 14, what is -5 - -2c2?
2bb
In base 7, what is 102660 + 4?
102664
In base 15, what is 1 + 1de?
1e0
In base 13, what is 5 + -1772?
-176a
In base 15, what is -2b - 15?
-41
In base 7, what is -153033 + 5?
-153025
In base 6, what is 2220 + 4?
2224
In base 8, what is -5 + 5505?
5500
In base 2, what is 10 - 100100100101?
-100100100011
In base 6, what is -133 - -413?
240
In base 10, what is -4 - 7?
-11
In base 8, what is -3 + 211?
206
In base 12, what is 0 - -15?
15
In base 7, what is -1 + 13261?
13260
In base 2, what is 10000010000 + 1110?
10000011110
In base 15, what is 97 - -5?
9c
In base 11, what is -3435 - 4?
-3439
In base 4, what is -120132 - 11?
-120203
In base 13, what is -195 + 0?
-195
In base 10, what is 0 + -77?
-77
In base 4, what is 201 + 31?
232
In base 12, what is -71 - -4?
-69
In base 10, what is 5 - -1746?
1751
In base 11, what is -2 + 865?
863
In base 6, what is -3 - 115?
-122
In base 14, what is 891 + 3?
894
In base 10, what is 387 + -3?
384
In base 14, what is 3 + -63?
-60
In base 11, what is -2022 + -a?
-2031
In base 13, what is 5 - 237?
-232
In base 5, what is 1330 - -10?
1340
In base 12, what is -92 - -8?
-86
In base 5, what is -3420 - 4?
-3424
In base 12, what is -24 - 14?
-38
In base 5, what is 10 + -140?
-130
In base 15, what is -66c + 5?
-667
In base 16, what is 11f - -10?
12f
In base 3, what is -11100211 - 0?
-11100211
In base 13, what is -16 - -4?
-12
In base 14, what is -1a - 35?
-51
In base 11, what is 114a - -5?
1154
In base 14, what is -116 + 9?
-10b
In base 7, what is 4 - -11?
15
In base 12, what is 1 - 23a?
-239
In base 6, what is -15 - 2110?
-2125
In base 6, what is 0 - 2042?
-2042
In base 11, what is -215 + -3?
-218
In base 6, what is -44 - -45?
1
In base 15, what is -29 - 41?
-6a
In base 11, what is -895 + -29?
-913
In base 15, what is 0 + 3ca?
3ca
In base 6, what is 244 - 0?
244
In base 6, what is -24 - 3?
-31
In base 16, what is -15 - 2?
-17
In base 6, what is -13 - 20?
-33
In base 7, what is 106 + 6?
115
In base 6, what is 5 + -14?
-5
In base 5, what is -30 + -2331?
-2411
In base 15, what is 1 - 398?
-397
In base 9, what is -4 + -153?
-157
In base 2, what is 10011 + 11000?
101011
In base 14, what is -4 + 263a?
2636
In base 7, what is -5 - 1215?
-1223
In base 2, what is 10010001110 + -1?
10010001101
In base 15, what is -52 + 6?
-4b
In base 12, what is -122 - -4?
-11a
In base 7, what is 154 - -166?
353
In base 13, what is -b8 + -a?
-c5
In base 4, what is -3102 - -2122?
-320
In base 6, what is -2 + 2021?
2015
In base 9, what is 21 - -2155?
2176
In base 3, what is -1 - -212020?
212012
In base 3, what is -121 - 112?
-1010
In base 6, what is 25 - 1005?
-540
In base 3, what is 2 - -221?
1000
In base 6, what is 4 + 10014?
10022
In base 4, what is -10 + 10001?
3331
In base 12, what is -2 - 997?
-999
In base 6, what is 1 + -120?
-115
In base 6, what is -3 - -130?
123
In base 8, what is 1 + 70?
71
In base 16, what is -23 - 15?
-38
In base 8, what is 7 - 5?
2
In base 9, what is 100 - -7?
107
In base 10, what is -9 - 415?
-424
In base 3, what is 10 + 1001?
1011
In base 14, what is 228 + 5?
22d
In base 6, what is 1114 + 34?
1152
In base 7, what is -106106 + -1?
-106110
In base 10, what is -5 - -4414?
4409
In base 10, what is -1 - -3014?
3013
In base 8, what is 1453 - 4?
1447
In base 8, what is 3 - -25?
30
In base 8, what is 3 + -663?
-660
In base 6, what is -20055 + -2?
-20101
In base 7, what is 3 + 1515?
1521
In base 2, what is -10 - -1001011?
1001001
In base 5, what is 43 + -1304?
-1211
In base 16, what is 5 + -aee?
-ae9
In base 5, what is -134 - -233?
44
In base 15, what is 4c - 0?
4c
In base 13, what is -685 - -4?
-681
In base 6, what is 1034 - 21?
1013
In base 4, what is 331201 - 0?
331201
In base 4, what is 100 - -101030?
101130
In base 4, what is -21 - 13?
-100
In base 6, what is 25 - -30?
55
In base 2, what is 11 - -111001?
111100
In base 7, what is 23360 - -4?
23364
In base 7, what is -6 + -106?
-115
In base 2, what is -1110110 - 10011?
-10001001
In base 5, what is 20 - 10?
10
In base 2, what is 1 + -1100011?
-1100010
In base 16, what is -3 - -1c?
19
In base 12, what is 46 + 9?
53
In base 13, what is 152 + -1?
151
In base 16, what is 0 - -360?
360
In base 14, what is 4 + 8c1?
8c5
In base 8, what is -30 + -67?
-117
In base 15, what is -15 - -238?
223
In base 5, what is 0 + -20404?
-20404
In base 9, what is -7 + 13?
5
In base 16, what is 8446 - -3?
8449
In base 13, what is -1 + 5b?
5a
In base 9, what is -2 + 3?
1
In base 5, what is 12014 - -14?
12033
In base 16, what is a1c - 5?
a17
In base 5, what is -313 + -40?
-403
In base 7, what is -3 - 0?
-3
In base 6, what is 5512 + -4?
5504
In base 10, what is 1 - 750?
-749
In base 7, what is -62 - 56?
-151
In base 4, what is -1 - 11?
-12
In base 3, what is 12 - -10212?
11001
In base 9, what is -5 + -35?
-41
In base 10, what is -847 - 5?
-852
In base 2, what is -100001 + 1100?
-10101
In base 10, what is -51 - 5?
-56
In base 11, what is 6 + -27?
-21
In base 4, what is -200213 - 0?
-200213
In base 10, what is -79 - 3?
-82
In base 9, what is -218 + 0?
-218
In base 11, what is 142 - 77?
76
In base 7, what is -1 + -520?
-521
In base 15, what is 2 + -10?
-d
In base 9, what is -104 - 11?
-115
In base 3, what is -22210110 - -1?
-22210102
In base 16, what is -4 + 26?
22
In base 15, what is 3b + -1?
3a
In base 15, what is -5 - 17?
-1c
In base 3, what is 102 - 21?
11
In base 8, what is 172 - 1?
171
In base 14, what is 7 + 4?
b
In base 15, what is 2 + -2e?
-2c
In base 10, what is -3 + -6063?
-6066
In base 5, what is 23 + 1102?
1130
In base 3, what is 11 + -2221?
-2210
In base 16, what is 4 - c2?
-be
In base 4, what is -202 - 122?
-330
In base 13, what is -18 - 62?
-7a
In base 11, what is -3 + 2861?
2859
In base 6, what is 4 - -44?
52
In base 12, what is 3 + -30?
-29
In base 11, what is 0 + -37a9?
-37a9
In base 8, what is 3 - -104?
107
In base 4, what is 3 + 111?
120
In base 12, what is -139 + -2?
-13b
In base 5, what is -2 - -1040?
1033
In base 9, what is -2 + 26?
24
In base 11, what is -14347 - 5?
-14351
In base 10, what is -70 - 21?
-91
In base 7, what is 3 - 4?
-1
In base 4, what is 11 - 11203?
-11132
In base 13, what is -4 + -58?
-5c
In base 3, what is 10 + 222012?
222022
In base 9, what is 5 + -52?
-46
In base 5, what is 0 - -4102?
4102
In base 10, what is 2431 + 4?
2435
In base 7, what is 100 - -4?
104
In base 12, what is 3 - -121b?
1222
In base 5, what is 1400 - 0?
1400
In base 4, what is 11 - 321?
-310
In base 16, what is 37 - 2?
35
In base 10, what is -133 + -3?
-136
In base 9, what is 220 - 23?
186
In base 3, what is 101110011 - -10?
101110021
In base 9, what is -7 + 